 = 8*f**2 - 2*f - 1. Determine o(d).
9
Let v be 8/6*(-39)/26. Let m(t) = -4*t - 1. Determine m(v).
7
Let n(f) = f + 6. Suppose -2*h + 6 = 0, 2*h = p + 5*h - 4. Give n(p).
1
Let f(v) = 15 - 4 - 5 - 7 - v - 6*v**2. What is f(-1)?
-6
Let d(s) = -3*s**2 + 3*s + 5. Let n(m) = -16*m**2 + 16*m + 26. Let i(q) = 11*d(q) - 2*n(q). Let b(a) = a**3 - 2*a**2 - 3*a + 3. Let p be b(2). Calculate i(p).
-9
Let s(u) be the third derivative of -u**6/120 - u**5/15 - u**4/8 - u**3/2 - 10*u**2. Determine s(-4).
9
Let k(j) be the first derivative of -j**6/120 - j**5/60 + j**4/6 + j**3/2 - 2*j**2 - 3. Let w(q) be the second derivative of k(q). Determine w(-3).
9
Let c(u) = 5*u**2 - 6*u - 1. Let y(a) = 14*a**2 - 16*a - 4. Let z(s) = 11*c(s) - 4*y(s). Determine z(-5).
-10
Let o(d) = -d**2 + 16*d - 38. Let q be o(4). Let f(u) = u**2 - 10*u - 13. Calculate f(q).
-13
Suppose 0 = -2*d - 5*j - 4, -4*d + 0*d - 8 = -j. Let n(a) = a**3 + 2*a**2 - a + 1. Determine n(d).
3
Let i(s) = 5*s**3 - 4*s + 4. Let l be 3/(2/3 - 1). Let j(m) = 9*m**3 - 5*m**3 + 6*m**3 - 9*m + 4 + 5. Let o(t) = l*i(t) + 4*j(t). Give o(1).
-5
Let n(k) = -k**2 - 3*k + 5. Suppose -20*d + 10 = -22*d. What is n(d)?
-5
Let s(y) be the first derivative of -y**2/2 - 16*y + 51. What is s(-10)?
-6
Let n = -5 + 5. Suppose 2*v + v - 9 = n. Let b(l) = 4 - 4*l**3 + l**2 + 3*l**v + 2*l**2 + 3*l. What is b(4)?
0
Let y(q) = -5 - 5*q**2 - q**3 + 18*q - 10*q - 8*q. What is y(-5)?
-5
Let x(z) = 4*z + 2. Let s(w) = w**2 - 4*w + 1. Suppose -2*a + 3*i = -4 - 2, 4*a + 4*i - 12 = 0. Let r be s(a). Calculate x(r).
-6
Let d(c) be the first derivative of -c**3/3 + 3*c**2 - c - 7. Determine d(6).
-1
Let y(j) = -6*j**2 - 1 + 14*j - 7*j - 3*j + j**3. Let q(b) = -b - 1. Let o be q(-1). Suppose o = -n + 6*n - 25. Give y(n).
-6
Let u = -9 - -6. Let k(m) = -m**3 - 4*m**2 + 2*m + 4. Suppose 0 = 2*b + 5 + 1. Let l(g) = -g**3 - 4*g**2 + 3*g + 4. Let j(a) = b*l(a) + 4*k(a). What is j(u)?
-2
Let k(v) = 728 + v**2 + 0*v**2 - v**3 - 730. What is k(2)?
-6
Suppose 0 = -n - 0*n. Let k(w) = 8*w - 41. Let p(x) = -3*x + 14. Let h(d) = 4*k(d) + 11*p(d). Determine h(n).
-10
Let z(k) be the first derivative of -4 - 2*k + 1/2*k**2 + 1/3*k**3. Give z(-2).
0
Let d(j) be the first derivative of -j**4/4 + 5*j**3/3 + 5*j**2/2 - j - 11. Calculate d(6).
-7
Let g = -2 + 1. Let t = 0 + 4. Let u(x) = -x + 3. Let z(j) = -3*j + 5. Let l(n) = t*z(n) - 7*u(n). What is l(g)?
4
Let u(s) be the second derivative of s**5/24 + s**3/3 + s. Let t(b) be the second derivative of u(b). Determine t(-2).
-10
Let x(m) = 5*m + 21 + m**2 + 0*m**2 - 27. Determine x(-6).
0
Let y(h) = h**2 - h + 6. Suppose -5 = -3*b + p, 2*p + 10 = 5*b - 0*b. What is y(b)?
6
Let m(v) = 3*v - 8. Let h(y) = -y**2 + 2*y - 7. Let w(l) = -5*h(l) + 4*m(l). Give w(-2).
19
Let v(x) = -3 + 2 + 0 - x. Let a(w) = 1. Let f(o) = -a(o) - v(o). Determine f(-4).
-4
Let a(z) = 2 - z + 8 - 9. Determine a(0).
1
Let g be 0 + (-3)/(-3) + 1. Let d(r) = -r + 7 - 2 - g. Suppose 0 = -4*m + 5 + 3. Determine d(m).
1
Let m(i) be the third derivative of -i**4/6 + i**3/6 - 9*i**2. What is m(-1)?
5
Let x = -6 + 16. Let y(m) = -3*m**2 + 4*m**2 - 14*m + 4 + 0*m**2 + x*m. Calculate y(3).
1
Let h = 0 + 3. Let s(v) = 1 + v**3 - v**2 - v - 5*v**3 + h*v**3. Calculate s(-2).
7
Let d = 54 - 55. Let f(q) = -3*q**3 + q**2. Determine f(d).
4
Let p(c) = 3*c**2 - 2 - c**2 + 4 - 4*c. Let u = -1 + -1. Let k = u + 5. Calculate p(k).
8
Let v(y) be the third derivative of -y**6/120 + y**5/20 + y**4/12 - y**3/6 + 10*y**2. Determine v(3).
5
Suppose 0 = -0*j + 5*j. Let z(f) be the first derivative of -2 - 1/2*f**2 - f. Give z(j).
-1
Let f(x) be the first derivative of x**3/3 + 4*x**2 + 9*x + 27. Determine f(-8).
9
Suppose 2*z - 5*z + 11 = 2*j, -5*z - 2*j + 13 = 0. Let w be z*(0 + (-15)/(-3)). Let x(k) = 2*k - 6. Give x(w).
4
Let x(k) = 14*k + 20. Let y(l) = 5*l + 7. Let r(c) = -6*x(c) + 17*y(c). Calculate r(0).
-1
Let a(t) = -6*t - 1. Let c(n) = n**2 - 1. Let b(j) = -a(j) + 2*c(j). Let y(q) be the first derivative of b(q). Let z(u) = -u + 1. Let p be z(5). Calculate y(p).
-10
Let g = -5 + 2. Let s(l) = l**2 - 2*l - 3. Let a be s(g). Let f(o) = 1 - 4*o - a*o**2 + 16*o**2 + 4*o. Give f(1).
5
Let d(s) = s**3 - 6*s**2 + s. Let k(o) = -4*o**3 + 24*o**2 - 4*o. Let b(l) = 9*d(l) + 2*k(l). Give b(5).
-20
Let o(p) = p**3 + 3*p**2 - 5*p + 1. Let j be -4 - -1 - (-3 - 0). Suppose -3*s = -4*t + 12, j = -3*s - t - 14 + 2. Give o(s).
5
Let a(r) = 2*r - 3. Let s(f) = f - 1. Let j(p) = -6*a(p) + 11*s(p). Determine j(6).
1
Suppose 0 = -4*w + 20, 2*g + 0*w + 9 = w. Let n(t) = 3*t. Give n(g).
-6
Let u(c) = -c**3 + 7*c**2 - 14*c + 16. Let a(k) = -k**3 + 7*k**2 - 13*k + 15. Let s(n) = 7*a(n) - 6*u(n). What is s(6)?
3
Let j(m) be the third derivative of m**6/720 + 7*m**4/24 + 7*m**2. Let i(v) be the second derivative of j(v). Give i(7).
7
Let s(o) = o**3 - 6*o**2 + 8*o - 1. Let w be s(4). Let x(y) = -9*y. Calculate x(w).
9
Let o be -3 - -8 - (3 + 8). Let n(y) = y**2 - y - 1. Let r(s) = s**3 + 7*s**2 - 3. Let a(k) = -n(k) + r(k). Give a(o).
-8
Suppose 0 = 4*m + 3*u + 4, 5*u - u - 1 = m. Let h(z) = -14*z**3 + 2*z**2 + z. Give h(m).
15
Let o(r) be the first derivative of r**2/2 - 9*r + 13. What is o(5)?
-4
Let w(m) = 1. Let k(i) = -i**2 + 2*i - 4. Let j(s) = k(s) + 3*w(s). Let y(p) = p**3 + 3*p**2 - 4*p - 2. Let z be y(-4). Let u be (1/1)/(3 + z). What is j(u)?
0
Let s(b) = -2*b + 6. Suppose -p = 3*p - 4. Let x(i) = 12*i**2. Let m be x(p). Let g be (12/(-10))/(m/(-40)). What is s(g)?
-2
Let l(g) = g**3 - 9*g**2 - 11*g + 12. Let y = -10 - -20. Let f be l(y). Let o(j) = -j**3 + 2*j + 1. What is o(f)?
-3
Let t(a) = -a**2 - 3*a + 3. Let n(j) = j - 11. Let i be n(13). Let l(x) = -5*x + 5. Let o be l(i). What is t(o)?
-7
Suppose -16 + 4 = -3*t. Let z(u) be the second derivative of -u**4/12 + u**3/2 + u**2 + u. Give z(t).
-2
Let o = 32 + -43. Let a(p) = p**2 + 11*p - 3. What is a(o)?
-3
Let u(p) = -p**2 - 7*p + 2. Let r(o) = 8*o + 2. Let f be r(-2). Let n = f + 8. Give u(n).
8
Let b(z) be the third derivative of z**6/120 - z**5/4 + 5*z**4/8 - 3*z**3/2 - 9*z**2. Give b(14).
5
Let d = 1/2 - 1/6. Let q(v) be the third derivative of -1/30*v**5 - 1/120*v**6 + 0*v + 0 + v**2 + d*v**3 - 1/24*v**4. What is q(-2)?
4
Let w(h) = h**2 - 8*h + 9. Let g be w(4). Let d(c) = -c**2 - 6*c + 1. Calculate d(g).
-6
Suppose 2*q - 5*o = -3*q + 45, -o = -5*q + 29. Let k = 9 - q. Let j(z) be the third derivative of z**4/24 - z**3/3 - z**2. Determine j(k).
2
Suppose 4*j + 0*j - 2 = 5*h, -5*j = 4*h - 23. Let v(l) be the first derivative of -3*l**2/2 + 2*l + 2. Determine v(h).
-4
Suppose 0 = -3*v - 5*i - 13, v - 9 = 9*i - 4*i. Suppose 2*g - 4 = -6, -1 = -4*w + 5*g. Let a = v - w. Let z(u) = u**3 + u**2 + u + 1. What is z(a)?
1
Let c(a) = -a**2 + 2*a - 2. Let p(g) = g - 12. Let s be p(15). Determine c(s).
-5
Let r(h) = -h**2 + 6*h - 5. Suppose 8 - 32 = 4*v. Let n(x) = x**3 + 5*x**2 - 7*x. Let y be n(v). Determine r(y).
-5
Suppose 0 = -b + 6*b - 15. Let s(l) = -b*l + l - 5 + 1. Calculate s(-6).
8
Let y(o) = -o**3 + 3*o**2 + 3*o. Let a be 2/(-4) - (-13)/2. Suppose 4*x - a*x = -8. What is y(x)?
-4
Let u be (-62)/12 - (-1)/6. Let l(i) = -4*i - 3*i - i**2 + 2 + 0*i. Calculate l(u).
12
Suppose -n = 5 - 6. Let c(w) be the second derivative of -4*w**5/5 + w**3/3 - w**2/2 - 8*w. Give c(n).
-15
Let l(s) = -2*s - 3. Let b = -7 + 4. What is l(b)?
3
Let h(v) = v**2 - 10*v + 12. Let r be h(9). Let b(w) = -w**2 + 3*w - 2. Determine b(r).
-2
Let z(s) = s**3 + 2*s**2 - 3*s - 2. Let u(y) = y**2 + 12*y - 32. Let a be u(-14). Give z(a).
-22
Let a(m) be the second derivative of m**7/840 + m**6/180 - m**5/40 - m**3/6 + m. Let l(f) be the second derivative of a(f). What is l(-3)?
0
Let w(n) be the third derivative of n**5/60 - n**4/4 - 4*n**3/3 + 2*n**2 - 30*n. Let g = 7 + -1. Determine w(g).
-8
Let j(s) = -7 + 18 + 11*s - 7*s - 8 - s**3 + 2*s**2. Give j(-2).
11
Let o be (1/2)/((-2)/(-8)). Let b(p) be the third derivative of -p**5/30 + p**3/3 - 2*p**2. Give b(o).
-6
Let a = 96 + -94. Let n(d) = 5*d - 1. Calculate n(a).
9
Let c(z) = 7*z**2. Let b(d) = -20*d**2 - d - 1. Let x(f) = 6*b(f) + 17*c(f). Suppose -3*h = -4*v + 28, -4*h - 4 = -0*h + 3*v. Determine x(h).
2
Let i be -2 + (12/(-2))/(-1). Suppose 4*d = 4*t - i, -5*d - 4 + 3 = -4*t. 